247
What are the prime factors of 1438474445?
5, 313, 919153
List the prime factors of 406553526.
2, 3, 19, 71, 5581
What are the prime factors of 690656408?
2, 13, 6640927
What are the prime factors of 52911927?
3, 1959701
What are the prime factors of 654206889?
3, 7, 193, 23059
What are the prime factors of 1412521349?
1412521349
List the prime factors of 13953051.
3, 7, 221477
What are the prime factors of 38733877?
7, 13, 499, 853
What are the prime factors of 1395261207?
3, 239, 72073
List the prime factors of 1190911703.
43, 27695621
What are the prime factors of 33975448?
2, 13, 326687
What are the prime factors of 12642583?
109, 115987
What are the prime factors of 42259172?
2, 10564793
List the prime factors of 660986713.
89, 7426817
What are the prime factors of 19340604?
2, 3, 167, 3217
List the prime factors of 20513137.
389, 52733
What are the prime factors of 160022159?
11, 127, 114547
List the prime factors of 502327540.
2, 5, 11, 13, 37, 47, 101
What are the prime factors of 20330873?
23, 43, 61, 337
What are the prime factors of 4690759417?
521, 9003377
List the prime factors of 49371076.
2, 12342769
List the prime factors of 5840245177.
13, 911, 493139
What are the prime factors of 73360623?
3, 7, 43, 137, 593
What are the prime factors of 4783714?
2, 13, 14153
What are the prime factors of 51916442?
2, 25958221
What are the prime factors of 42840293?
42840293
List the prime factors of 53948340.
2, 3, 5, 23, 83, 157
What are the prime factors of 57737157?
3, 19245719
What are the prime factors of 265369224?
2, 3, 577, 19163
What are the prime factors of 378757334?
2, 189378667
List the prime factors of 151773441.
3, 167, 302941
What are the prime factors of 1257909929?
1061, 1185589
What are the prime factors of 1693380654?
2, 3, 7, 1493281
What are the prime factors of 1435386259?
10039, 142981
What are the prime factors of 60929414?
2, 7, 13, 334777
List the prime factors of 43124086.
2, 53, 257, 1583
What are the prime factors of 3168962900?
2, 5, 31689629
List the prime factors of 1397694467.
13, 9901, 10859
List the prime factors of 3612055391.
7, 516007913
What are the prime factors of 148395635?
5, 17, 1745831
List the prime factors of 3026082.
2, 3, 37, 43, 317
List the prime factors of 280191194.
2, 140095597
What are the prime factors of 58298357?
13, 53, 191, 443
List the prime factors of 689445873.
3, 41, 733, 2549
List the prime factors of 71230874.
2, 11, 13, 249059
What are the prime factors of 17578469?
17578469
What are the prime factors of 39020230?
2, 5, 211, 18493
What are the prime factors of 3401960838?
2, 3, 103, 5504791
What are the prime factors of 135623789?
7, 19374827
List the prime factors of 182468052.
2, 3, 13, 43321
What are the prime factors of 61992120?
2, 3, 5, 359, 1439
List the prime factors of 577573630.
2, 5, 57757363
List the prime factors of 52378104.
2, 3, 2182421
List the prime factors of 163630043.
163630043
List the prime factors of 558647658.
2, 3, 43, 240589
What are the prime factors of 650695726?
2, 211, 1541933
List the prime factors of 688315276.
2, 11, 43, 33073
What are the prime factors of 25752451?
907, 28393
What are the prime factors of 339279728?
2, 877, 24179
List the prime factors of 1310125603.
41, 53, 181, 3331
List the prime factors of 64321246.
2, 11, 29, 181, 557
What are the prime factors of 5446290601?
5446290601
What are the prime factors of 92127774?
2, 3, 15354629
List the prime factors of 62847119.
131, 479749
What are the prime factors of 24451502?
2, 12225751
List the prime factors of 437967714.
2, 3, 47, 101, 15377
What are the prime factors of 17426713?
1433, 12161
What are the prime factors of 129517252?
2, 443, 73091
What are the prime factors of 982523847?
3, 327507949
List the prime factors of 1940278493.
17, 1223, 93323
List the prime factors of 286130149.
7103, 40283
What are the prime factors of 628459167?
3, 7, 29926627
What are the prime factors of 108985200?
2, 3, 5, 90821
What are the prime factors of 140197691?
17, 1181, 6983
List the prime factors of 6226295361.
3, 11, 13, 37, 223, 1759
List the prime factors of 545895611.
545895611
List the prime factors of 360449201.
7, 1951, 26393
What are the prime factors of 3315286229?
17, 3943, 49459
List the prime factors of 93725097.
3, 17, 47, 61, 641
What are the prime factors of 243425440?
2, 5, 883, 1723
What are the prime factors of 530579789?
271, 1957859
What are the prime factors of 81638364?
2, 3, 19, 29, 12347
List the prime factors of 16319122.
2, 8159561
What are the prime factors of 485405178?
2, 3, 73, 199, 5569
List the prime factors of 1431405875.
5, 107, 107021
List the prime factors of 1222551145.
5, 389, 628561
List the prime factors of 92191662.
2, 3, 1707253
What are the prime factors of 295689693?
3, 13, 67, 113161
What are the prime factors of 990175748?
2, 41, 6037657
What are the prime factors of 1488822088?
2, 13, 14315597
What are the prime factors of 17368844?
2, 1801, 2411
List the prime factors of 131000947.
7, 11, 31, 54881
List the prime factors of 52635605.
5, 11, 19, 241
What are the prime factors of 65122315?
5, 23, 367, 1543
What are the prime factors of 554736359?
554736359
What are the prime factors of 537830431?
383, 1404257
What are the prime factors of 32821608?
2, 3, 107, 12781
What are the prime factors of 43259915?
5, 149, 58067
List the prime factors of 2164240502.
2, 5903, 183317
What are the prime factors of 5929420592?
2, 19, 31, 541, 1163
What are the prime factors of 40470979?
29, 1395551
List the prime factors of 700889188.
2, 1201, 145897
List the prime factors of 384605996.
2, 67, 1435097
What are the prime factors of 1413976817?
11, 3119, 41213
List the prime factors of 43717694.
2, 2473, 8839
What are the prime factors of 17367858?
2, 3, 107209
What are the prime factors of 1043621527?
13, 23, 599, 5827
What are the prime factors of 1964703968?
2, 19, 3231421
What are the prime factors of 359126796?
2, 3, 7, 4275319
What are the prime factors of 339702507?
3, 41, 73, 12611
What are the prime factors of 1078622590?
2, 5, 19, 5676961
List the prime factors of 57463676.
2, 19, 756101
List the prime factors of 42977098.
2, 31, 693179
List the prime factors of 516799986.
2, 3, 1433, 60107
List the prime factors of 60031303.
239, 251177
List the prime factors of 159651844.
2, 11, 29, 125119
What are the prime factors of 480061058?
2, 240030529
What are the prime factors of 149844084?
2, 3, 13, 47, 107, 191
What are the prime factors of 119083799?
119083799
What are the prime factors of 26449976?
2, 7, 19, 24859
What are the prime factors of 118691143?
661, 179563
List the prime factors of 445301910.
2, 3, 5, 17, 59, 4933
What are the prime factors of 75082532?
2, 7, 167, 16057
What are the prime factors of 277464144?
2, 3, 19, 307, 991
What are the prime factors of 1254878862?
2, 3, 2837, 73721
What are the prime factors of 1478867277?
3, 21341, 23099
List the prime factors of 3937399071.
3, 89, 97, 152029
What are the prime factors of 416668998?
2, 3, 69444833
List the prime factors of 12093486.
2, 3, 113, 17837
List the prime factors of 73112724.
2, 3, 2030909
What are the prime factors of 17347982?
2, 47, 184553
What are the prime factors of 1205294718?
2, 3, 200882453
What are the prime factors of 294629923?
7, 941, 44729
What are the prime factors of 1486950299?
23, 64650013
List the prime factors of 3878845114.
2, 1939422557
List the prime factors of 26308939.
19, 127, 10903
List the prime factors of 79953572.
2, 179, 111667
List the prime factors of 2356870233.
3, 785623411
What are the prime factors of 472130060?
2, 5, 1279, 18457
List the prime factors of 390893480.
2, 5, 83, 281, 419
What are the prime factors of 89147076?
2, 3, 79, 271, 347
List the prime factors of 181203280.
2, 5, 1301, 1741
List the prime factors of 12785710.
2, 5, 7, 182653
What are the prime factors of 72785359?
107, 680237
What are the prime factors of 2604463224?
2, 3, 11, 2683, 3677
List the prime factors of 137688419.
11, 23, 544223
What are the prime factors of 5352113945?
5, 1070422789
What are the prime factors of 173907786?
2, 3, 13, 2229587
What are the prime factors of 1666232185?
5, 211, 1579367
What are the prime factors of 63056286?
2, 3, 1167709
W